e prime factors of 1198267361?
467, 1097, 2339
List the prime factors of 991114089.
3, 7, 191, 247099
What are the prime factors of 438725724?
2, 3, 37, 857, 1153
What are the prime factors of 54998084?
2, 19, 47, 89, 173
What are the prime factors of 8651995?
5, 11, 47, 3347
List the prime factors of 137683037.
23, 73, 82003
List the prime factors of 3157729271.
23, 137292577
What are the prime factors of 1425650188?
2, 356412547
List the prime factors of 168769118.
2, 7, 907, 13291
List the prime factors of 308527411.
47, 199, 32987
List the prime factors of 132102320.
2, 5, 7, 419, 563
What are the prime factors of 28745715?
3, 5, 41, 43, 1087
What are the prime factors of 1525873?
1525873
What are the prime factors of 1323248458?
2, 7, 94517747
List the prime factors of 1582704020.
2, 5, 53, 397, 3761
What are the prime factors of 396070094?
2, 7, 1091, 25931
What are the prime factors of 4042239993?
3, 11, 40830707
List the prime factors of 10638855.
3, 5, 17, 13907
List the prime factors of 87748682.
2, 7, 37, 169399
What are the prime factors of 1442455481?
41, 35181841
List the prime factors of 281963023.
281963023
What are the prime factors of 5585120?
2, 5, 67, 521
List the prime factors of 941927895.
3, 5, 20931731
List the prime factors of 4241979131.
13, 326306087
List the prime factors of 1891256807.
11, 171932437
List the prime factors of 54303399.
3, 29, 223, 311
What are the prime factors of 74787066?
2, 3, 31, 101, 1327
What are the prime factors of 30264054?
2, 3, 5044009
What are the prime factors of 1461436524?
2, 3, 131, 431, 719
What are the prime factors of 314521304?
2, 39315163
List the prime factors of 1639167956.
2, 23, 103, 172981
List the prime factors of 306356409.
3, 71, 479431
List the prime factors of 2571174681.
3, 857058227
List the prime factors of 766548150.
2, 3, 5, 1831, 2791
List the prime factors of 555356453.
19, 29229287
List the prime factors of 48219639.
3, 13, 73, 16937
What are the prime factors of 250746236?
2, 13, 101, 47743
What are the prime factors of 757332230?
2, 5, 163, 464621
What are the prime factors of 53835101?
617, 87253
List the prime factors of 2605554396.
2, 3, 72376511
List the prime factors of 1010424171.
3, 53, 73, 263, 331
What are the prime factors of 67835316?
2, 3, 31, 182353
What are the prime factors of 97047335?
5, 7, 11, 83, 3037
List the prime factors of 15739104.
2, 3, 67, 2447
What are the prime factors of 158640336?
2, 3, 157, 2339
List the prime factors of 13212472.
2, 7, 13, 18149
What are the prime factors of 182255412?
2, 3, 109, 139339
What are the prime factors of 1461648875?
5, 131, 89261
What are the prime factors of 59213418?
2, 3, 11, 29, 30937
List the prime factors of 3367259041.
23, 6365329
List the prime factors of 300637155.
3, 5, 7, 13, 59, 3733
What are the prime factors of 669591545?
5, 7, 19131187
List the prime factors of 1255309815.
3, 5, 31, 2699591
What are the prime factors of 20259739?
20259739
List the prime factors of 79391044.
2, 19, 1044619
What are the prime factors of 192915386?
2, 6449, 14957
List the prime factors of 48681828.
2, 3, 13, 104021
List the prime factors of 3866281474.
2, 11, 17, 10337651
List the prime factors of 57751347.
3, 19250449
What are the prime factors of 166488259?
7, 17, 31, 45131
What are the prime factors of 611863714?
2, 7, 11, 263, 15107
List the prime factors of 187507835.
5, 571, 65677
List the prime factors of 273947260.
2, 5, 37, 370199
What are the prime factors of 8032633?
7, 229, 5011
List the prime factors of 21632303.
7, 11, 280939
What are the prime factors of 6334796159?
37, 47, 113, 32237
List the prime factors of 164102543.
11, 3797, 3929
What are the prime factors of 24565872?
2, 3, 251, 2039
What are the prime factors of 23326710?
2, 3, 5, 11, 70687
What are the prime factors of 53185933?
53185933
What are the prime factors of 48285146?
2, 7, 13, 127, 2089
List the prime factors of 161057823.
3, 53685941
What are the prime factors of 1158643137?
3, 386214379
List the prime factors of 85944574.
2, 29, 79, 18757
List the prime factors of 1179694008.
2, 3, 16384639
What are the prime factors of 7484260380?
2, 3, 5, 53, 797, 2953
What are the prime factors of 40216479?
3, 1063, 12611
List the prime factors of 138668202.
2, 3, 229, 33641
What are the prime factors of 36990298?
2, 67, 276047
List the prime factors of 167819770.
2, 5, 16781977
What are the prime factors of 241965188?
2, 617, 98041
List the prime factors of 337960.
2, 5, 7, 17, 71
List the prime factors of 6262035.
3, 5, 13, 17, 1889
List the prime factors of 34215672.
2, 3, 1425653
List the prime factors of 135123103.
293, 461171
What are the prime factors of 26024589?
3, 43, 67247
List the prime factors of 232695493.
53, 4390481
List the prime factors of 626868333.
3, 7, 13, 59, 12973
List the prime factors of 37443276.
2, 3, 13, 26669
List the prime factors of 119655402.
2, 3, 19942567
What are the prime factors of 266983917?
3, 88994639
List the prime factors of 82452330.
2, 3, 5, 33931
List the prime factors of 1187110225.
5, 7, 601, 11287
What are the prime factors of 348073140?
2, 3, 5, 107, 54217
What are the prime factors of 251620282?
2, 401, 313741
What are the prime factors of 45918930?
2, 3, 5, 1530631
List the prime factors of 2760977450.
2, 5, 7, 11, 149, 4813
What are the prime factors of 2105789762?
2, 17, 31, 1997903
List the prime factors of 30963268.
2, 7, 43, 25717
List the prime factors of 38411446.
2, 19205723
List the prime factors of 435689095.
5, 19, 281, 859
List the prime factors of 101234311.
131, 379, 2039
What are the prime factors of 117159363?
3, 13017707
What are the prime factors of 214341353?
214341353
What are the prime factors of 66751650?
2, 3, 5, 7, 21191
What are the prime factors of 1579877505?
3, 5, 47, 181, 4127
What are the prime factors of 5470952524?
2, 10949, 124919
What are the prime factors of 770171197?
229, 3363193
List the prime factors of 1888855728.
2, 3, 61, 73, 8837
What are the prime factors of 6126599290?
2, 5, 7, 2801, 31247
What are the prime factors of 316410441?
3, 4253, 24799
List the prime factors of 1218934307.
23131, 52697
List the prime factors of 225560574.
2, 3, 2477, 5059
What are the prime factors of 1611010824?
2, 3, 43, 389, 4013
List the prime factors of 1877995.
5, 7, 53657
What are the prime factors of 299755276?
2, 2213, 33863
List the prime factors of 22792266.
2, 3, 7, 101, 199
List the prime factors of 2298626766.
2, 3, 61, 2093467
List the prime factors of 239276234.
2, 19, 389, 16187
What are the prime factors of 3821861386?
2, 7, 241, 1132739
What are the prime factors of 68625318?
2, 3, 353, 32401
List the prime factors of 5172339996.
2, 3, 263, 182099
List the prime factors of 308694233.
181, 1705493
List the prime factors of 1323026112.
2, 3, 6890761
What are the prime factors of 4301047808?
2, 2100121
What are the prime factors of 5864818?
2, 2932409
What are the prime factors of 13831637?
29, 41, 11633
What are the prime factors of 1166988764?
2, 97, 103, 29201
List the prime factors of 1854219086.
2, 927109543
List the prime factors of 2528437171.
13, 194495167
What are the prime factors of 966907156?
2, 1831, 132019
What are the prime factors of 152537515?
5, 13, 17, 31, 61, 73
What are the prime factors of 158365123?
7, 22623589
List the prime factors of 3212423173.
17, 188966069
What are the prime factors of 67122698?
2, 17, 53, 193
What are the prime factors of 70447911?
3, 23482637
What are the prime factors of 117441313?
11, 71, 150373
What are the prime factors of 652189262?
2, 326094631
What are the prime factors of 944164466?
2, 7, 61, 1105579
What are the prime factors of 35635068?
2, 3, 7, 41, 3449
What are the prime factors of 3580849938?
2, 3, 61, 151, 64793
What are the prime factors of 645690250?
2, 5, 2582761
List the prime factors of 771148874.
2, 211, 1827367
List the prime factors of 35967382.
2, 11, 1634881
List the prime factors of 1068629232.
2, 3, 11, 61, 33179
List the prime factors of 291682243.
17, 19, 101, 8941
What are the prime factors of 445369010?
2, 5, 23, 1936387
What are the prime factors of 49858681?
47, 83, 12781
What are the prime factors of 1864486057?
7, 71, 3751481
What are the prime factors of 3470